?
-65
Evaluate -94 + 0 + -9 + 11 + 7 + 22 + -34.
-97
What is (-9 - (-27 - -1) - 48) + 2?
-29
Calculate 10 - ((13 - ((9 - -6) + 11)) + 1).
22
Calculate -2 + (7 + -30 + 24 - -52).
51
-22 + 20 + 27 + -12
13
-6 - 0 - (-3 + 6 + -51 - (1 + -16))
27
Calculate 34 + -19 - (-22 + 12).
25
Evaluate -112 + 61 - -75 - -42.
66
What is the value of -6 - -135 - 120 - (-2 + -20)?
31
Calculate -65 + (5 - (16 + (-4 - (-4 + 11))) - -9).
-56
Calculate (1 - 4) + (-28 - ((-3 - 8) + -21 - -20)).
-19
What is 8 - (4 + 5) - (-5 + -5 + -33)?
42
Evaluate (92 - 142) + 5 + -4 + (-9 - 8).
-66
Evaluate -46 + 1 - (-63 + 10 + -16 + 79).
-55
Evaluate (-9 - -4) + (7 - (35 - 10 - 5)) + -29.
-47
-5 - -21 - 17 - 16 - -4
-13
Evaluate -56 + 1 - 3 - -89.
31
What is -24 + 7 + 28 - (79 + 3 + 4 + -3)?
-72
What is -5 + (1 - (-3 - (-12 + 2) - 8 - 8))?
5
Calculate (1068 - 1013) + (4 + -1 - (2 - (1 - 10))).
47
What is the value of -14 + 16 + -12 - -18 - (0 - -16)?
-8
What is -21 - (23 + -56) - (0 + 22) - 22?
-32
Evaluate 0 + (-13 + -37 - (-2 + 11 + 8)).
-67
What is -43 + (2 + 7 - (24 - (6 - -16))) + -13?
-49
What is 51 + -88 + 15 - (-4 + 8)?
-26
-1 - (-40 - -11) - (-6 - 69)
103
Evaluate -14 - (-10 + (72 + -26 - 20)).
-30
What is (76 - -1) + -61 + 45 + -1?
60
-20 + 30 + 3 + -17 + -10 - 13
-27
Calculate (-505 - -512) + -26 + -2.
-21
What is the value of ((-22 - -33) + 16 - 45) + (-100 - 1)?
-119
Evaluate -23 + 27 - ((-67 - 4) + (63 - 76)).
88
What is the value of 32 + -2 + -15 + -11 - -38?
42
Calculate 10 + 0 + (753 - 797) + -24.
-58
What is the value of -8 + 6 - (2 - 0) - (-29 + 65)?
-40
What is (44 - -4) + -112 + (3 - -14) + 11 + 1?
-35
Evaluate -9 + 0 + 179 + -267 + 82.
-15
Evaluate 20 + 3 + (-5 - -1) + -1008 + 1013.
24
-6 - (4 + 29 + -17) - -17 - -23
18
What is 7 + (0 - -2) + -45 + 20 + -23?
-39
What is the value of -3 - (10 - 20) - (-1 - 15 - 14)?
37
Evaluate (0 - -35) + (-36 + 67 - 97) - (1 - 14).
-18
Evaluate (3 - (5 + 4)) + (6 - -16) + -29.
-13
What is the value of -1 - -9 - (-254 + 94 + 190)?
-22
What is the value of (-10 - -15 - 7) + -5 + 9 - -74?
76
What is the value of 101 + -28 + (-44 - -3)?
32
What is the value of -15 - (28 - -43 - 152)?
66
Calculate 248 + -285 + (-1 - -19 - 6).
-25
What is (-39 + -23 + -23 - 61) + (0 - -21)?
-125
52 + (-1 - -11 - (84 + 28 + -88))
38
Calculate 11 + -21 + 1 - (-12 + (11 - 48)).
40
23 - (43 - -2 - (-210 + 221) - 19)
8
Evaluate -3 - (0 + -1 + 1) - (-35 - -43).
-11
What is 42 + 6 + -1 + 14 + (3 - (1 + 6))?
57
Evaluate (-1 - -28) + (146 - 157) - 39.
-23
What is the value of -8 - (37 - ((-11 - 0) + 2 + 10 + 10))?
-34
What is (-21 - -22) + -10 + -9 + -32 + -17?
-67
What is the value of -1 - -3 - (-1 - 101) - (-84 + 70 - -27)?
91
What is the value of 7 - 93 - -60 - -26?
0
-27 + (10 - (-4 - (-1 - (12 + -11))))
-15
What is -49 + 105 - (6 - (-4 + (0 + 7 - 6)))?
47
What is the value of 29240 + -29114 + (-14 - -2) + 1 + (2 - 0)?
117
What is -88 + 96 + -118 + 42 + -5 + -25?
-98
Evaluate 22 - (-81 - -121) - (-3 - 64).
49
Evaluate (-23 - -46) + -37 - -55.
41
-92 + -27 + -8 + (-7 + 1 - -1) + 0
-132
What is 87 - -4 - (129 + 72)?
-110
What is (-3 - -7) + 0 + 96 + -94 + -12 + -2?
-8
Calculate 54 + (-11 - -15) - (395 + -439).
102
What is (21 - (-32 - (-30 - 29))) + 13?
7
Calculate -39 + 19 + -40 + 47.
-13
Evaluate (67 - ((20 + -11 - 14) + 10)) + -5 - 6.
51
(0 - (1 - -5)) + 30 - (519 - 502)
7
What is (-1 - -4) + (-7423 - -7420)?
0
Evaluate 67 - (3 + -3 - (0 + -4 + 18 - 6)).
75
Evaluate (100 - 1) + 1 + 18 + -2 + 12439 + -12460.
95
What is the value of -11699 + 11731 - ((-29 - 2) + -1)?
64
What is 56 - (-42 - -43 - -34)?
21
-46 + 4 - (72 - 178) - -27
91
What is -522 - -611 - (0 + -10 + -14)?
113
What is the value of -40 - (-22 - (2 - -9))?
-7
What is 19 + (6 - 46) + 5 + -32?
-48
Calculate 89 + -26 + 40 + -62.
41
What is 2 - (39 + 3 - 2) - (-27 + (19 - -7))?
-37
What is the value of -48 + 53 + 1 - 35?
-29
What is (1 - 4) + (20 + -43 - -22) + (27 - 0)?
23
What is the value of -74 + -148 - -233 - (-41 + -1 - -2)?
51
Calculate -14 + (-22 - (-28 + 0 + 37)).
-45
Calculate (-5 - -6 - -47) + (6 - 195).
-141
What is 147 - (97 + -41 + 15)?
76
Evaluate -10 + -1 + (0 + -50 - (23 - 21)) + -6.
-69
What is -27 + 43 + (18 - (2 - -6))?
26
What is the value of -8 + -2 - (-43 - (-6 + 8 + -35))?
0
What is the value of (0 - -45) + -1 + (-10 + -3 - 2)?
29
What is the value of (57 + -66 - (-2 + 0)) + 8 - 3?
-2
Calculate 4 - (19 + (-26 - -21) - (2 - -10)).
2
-8 - 0 - (1 - 65 - -41)
15
What is the value of -1 + 15 - (-904 - -869) - 38?
11
What is (5 - 9) + 6 + (-3 + 10 - -34)?
43
What is the value of (-59 - ((-20 - -26 - 5) + -21)) + -21?
-60
50 - 3 - 15 - 4
28
What is -11 + -8 - (17 + (-6 - 23 - 25))?
18
Calculate -59 + 4 - (6 + (-6 - 0)).
-55
What is 12 - (-7 + 1 + 2 + (-57 + 7 - -115))?
-49
Evaluate -81 - (-63 + (24 - 14)).
-28
What is the value of -28 + (25 - -158) - ((-1 - -1) + 9)?
146
What is 15 + (22 + -33 + 23 - (-6 + 9))?
24
-70 + 73 + (4 - -1) - (-75 + (-13 - 27))
123
What is -20 + -220 - (129 + -255)?
-114
Evaluate -79 - (-6 + (-15 + 19 - 17 - -1)).
-61
What is (-2 - -17) + (-83 - -15 - -18) + 25?
-10
Calculate (30 + 13 - -11) + 42 + -33.
63
(-7 - (8 + 30) - 5 - (-18 + 30)) + 4
-58
21 - ((48 - 21) + 23)
-29
What is the value of -22 - (1 - -17 - 38) - -33?
31
Evaluate -18 - ((2 + -91 - -7) + 4).
60
Evaluate 2 + 12 + (-42 - -42).
14
What is the value of (-15 - -13 - -103) + 28 + -37?
92
Evaluate 15 + 37 + -42 + 48 - (1 - 0).
57
2 + (-5 - (-17 + -2)) + -25 - (-35 - 0)
26
Evaluate 12 - (7 + 2 - 19) - -10.
32
What is -27 - -23 - ((-9 - 4) + 6)?
3
Calculate -16 - -47 - (418 - 377).
-10
(19 - (-10 - -6 - -4)) + 15
34
Calculate (-32 - ((-11 - -8 - 9) + 10)) + -3.
-33
Calculate (-848 + 854 - (1 + -31)) + -1 + 6.
41
What is (3283 - 3157) + -3 + -196?
-73
7 - (0 - -1) - (-105 + 12 + 20 + -21)
100
Calculate -69 + 2 + 5274 + -5211.
-4
-3 + -1 + 8 - -121 - (49 + -24 - 36)
136
Evaluate 29 + (-16 - -80) + -71.
22
What is the value of -63 + 76 + -18 - (-9 + 1) - (5 + 13)?
-15
Evaluate 37 - 81 - -56 - (22 - -1).
-11
What is the value of 8 - -39 - 110 - ((8 - (6 - 5)) + -11)?
-59
30 + 0 + (-3 - 12) + (12 - -20) + -7
40
Evaluate (17 - (9 + (4 - (-40 + -3)))) + 7.
-32
Evaluate (-2 + -6 + -6 + 7 - (110 + -6)) + 12.
-99
Evaluate (-16 - -159 - 66) + -118.
-41
Evaluate -1 - ((4 - 24 - -14) + -26 + 2 + 4).
25
What is the value of (-4 + 54 + 2 - -14) + -19?
47
What is the value of 22 + (-9 + 2 + 24 - (-74 - -96))?
17
-56 + (24 + -31 - -85)
22
What is the value of 59 + 0 + -10 + -15 + 17 + -3?
48
What is the value of 135 + 39 + 32 + -117 - 12?
77
What is (-2 + 55 - 108) + 47?
-8
What is the value of -113 - (97 + -72 + (-18 - -1) - 10)?
-111
Evaluate -124 - (6 + -43 + 9).
-96
Evaluate 42 + (-75 - (-65 + 25)) + (-57 - 1).
-51
What is -67 + -73 + -66 + 214?
8
Calculate (-13 - -38) + -6 - -1.
20
What is the value of 9 + (-81 - (13 + -9 - 12 - -26))?
-90
0 + 2 - (0 - -8 - 3) - (574 + -680)
103
Evaluate 4 - (-6 + 4) - (23 - 15 - -4 - -33).
-39
Calculate (52 + 92 - 118) + -62.
-36
74 + (-204 - -103) + -92
-119
-18 + 12 - -43 - (-59 + 61)
35
17 + (0 - -6) + (-69 - -53) + 8
15
Calculate 254 - 147 - (2 - -63).
42
What is 73 + (-147 - -15) + 46?
-13
What is (-53 - -94) + 20 + (-2 - 4)?
55
Calculate -2 - (-3 + 1) - (73 - 58).
-15
(-33 - 19 - -47) + (13 + -10 - (12 + -1))
-13
110 - (98 + 224 - 151)
-61
-571 + 434 - (12 + -107)
-42
Calculate (5 - (73 + 1 - 16)) + -1 + 1 + -9.
-62
What is the value of 21 + -3 + 6 + 1657 + -1751 + -6 + 1?
-75
What is 63 - ((55 - 46) + 52)?
2
Evaluate -155 - -229 - (-6 + (0 - (-25 + 0))).
55
Calculate -1 + 8 - (-42 + 7 + 21).
21
Calculate -1014 - -934 - (5 + -83).
-2
What is the value of -33 - ((66 - 70) + -26)?
-3
(-14 - (58 - 45)) + 34
7
Evaluate (1 - 4 - (10 - (-13 + 12))) + 59.
45
What is the value of 46 + (-11 - (5 - (6 - -7))) - (6 + 0)?
37
What is the value of (29 - 0) + (13 - (28 - (-10 - -36)))?
40
Calculate 12 + -41 - (-39 + 19 - (-20 + 8)).
-21
Calculate (-34 - 5) + 53 + -26.
-12
What is the value of 74 - (-6 + 22 + -6 + (8 - 17) + 3)?
70
144 + (-80 - 5 - -4)
63
Calculate (-19 - -19) + -22 + (38 - 22) - -81.
75
Calculate 0 + (22 - 6) - (-21 + (100 - -3)).
-66
-45 - (5 + -45 + 16) - 0
-21
Calculate (-1055 + 1118 - (-1 + 11)) + 3.
56
What is 49 - (-31 - (-131 - -30))?
-21
Calculate